*3 - 3*z**2 + 4. Let x be p(3). Suppose x = -k*c + 2*c. What is the highest common divisor of c and 1?
1
Let a(z) = -6*z**3 - z**2 + 6*z + 13. Let q be a(-2). Calculate the greatest common factor of 45 and q.
45
Suppose -2*u - 9 = o, -9 = -5*o + 2*o. Let r = -51 + 62. Let m = r + u. Calculate the greatest common divisor of m and 45.
5
Suppose -5*i + 77 = 2*z, 6*i - 106 = 4*z - 3*z. Suppose 0*o - 1836 = -4*o. Suppose 0*w + o = 3*w. Calculate the greatest common divisor of w and i.
17
Let k = -240 + 260. What is the greatest common factor of 50 and k?
10
Suppose 31*u - 23*u = 384. What is the highest common factor of u and 12?
12
Suppose 0*k + k + 13 = 2*o, -5*k - 37 = -3*o. Let b = o + 8. Suppose 0 = 4*t - b - 96. Calculate the highest common divisor of t and 189.
27
Let h(k) = -16*k**2 + 70*k + 8. Let w be h(4). Calculate the highest common divisor of 64 and w.
32
Let h(s) = 2*s - 8. Let f be h(0). Let j = 22 - f. Suppose -22*i - j = -27*i. Calculate the greatest common factor of 30 and i.
6
Suppose -5*l - 4*b + 32 = -0*l, -2*b = -3*l + 28. What is the highest common divisor of 8 and l?
8
Let i be 2/1 - (-46)/(-6)*3. Let h = 69 + i. Calculate the greatest common factor of h and 36.
12
Suppose 4934 + 4726 = 28*g. Calculate the greatest common factor of g and 30.
15
Let p(w) = w**3 - 7*w**2 + 3*w + 26. Let q be p(6). Suppose 0 = -4*r + 5*c + 327, 6*r - 2*r - 2*c = 342. What is the greatest common factor of r and q?
8
Let t(z) = -z**3 - 6*z**2 - 3. Let l be t(-6). Let s be l + 0 - (-4 - -32). Let u = 4 - s. Calculate the highest common factor of 5 and u.
5
Let l(o) = -7*o + 9 + 22*o**2 - 21*o**2 + 3. Let y be l(8). Calculate the highest common factor of 20 and y.
20
Let u(x) = -16*x**2 + 87*x - 5. Let g be u(3). Calculate the greatest common divisor of g and 49.
7
Suppose 77 = 2*y - 11. Let u = y - -4. Calculate the highest common divisor of u and 16.
16
Let x = -792 + 810. What is the highest common divisor of x and 1098?
18
Let v = -409 - -449. What is the greatest common factor of 260 and v?
20
Let o = 1861 + -1147. Calculate the highest common divisor of 306 and o.
102
Let g be 2*17 - (-10 + 11). Let p = g + -10. What is the greatest common factor of 23 and p?
23
Suppose 3*q - 69 = -201. Let x = q + 65. What is the highest common factor of 21 and x?
21
Let n = 35 - -49. Let q = -793 + 835. Calculate the highest common factor of q and n.
42
Let b = 7 + -25. Let q be (b - -23)*28/10. Let o be (-2 - -1)/(q/(-70)). Calculate the greatest common divisor of o and 5.
5
Let f(b) = 4*b**2 - 12*b + 26. Let h be f(2). Let y(t) = 21*t**2 + 4*t - 3. Let k be y(3). What is the highest common factor of h and k?
18
Let y(t) = 3*t**2 - 22*t + 3. Let o be y(13). What is the greatest common divisor of 14 and o?
14
Let y be 4*8/(-32) + 22*31. Suppose -5*a - 131 = -y. Calculate the highest common factor of a and 10.
10
Suppose 0 = -5*c - 20, -3*y = -4*y - 3*c + 3. Calculate the highest common factor of 30 and y.
15
Suppose 0 = -4*v + 30 + 82. Let l = v - 21. Let n = -33 - -96. What is the highest common factor of l and n?
7
Let l(t) = -4*t**3 - 7*t**2 - t - 3. Let z be l(-6). What is the highest common factor of z and 15?
15
Suppose 1188 = 3*q - 3*g, 5*q = q + 2*g + 1592. Let j = q - 209. Suppose -4*d + j = 5*v, -d + 5*v = -0*d - 54. What is the greatest common divisor of 7 and d?
7
Let o be 5364/22 - 11/(-363)*6. What is the greatest common factor of o and 183?
61
Let w be 3 + (-3 - -3) - (-27)/(-1). Let d be (184/6 - 8/w) + -3. Let o be (28/6)/(2/3). What is the highest common factor of o and d?
7
Suppose 127 + 65 = -2*l. Let g be (-3 - 8/(-3))*l. Suppose 11 = -a + 4*z + 55, -50 = -a - 2*z. Calculate the highest common divisor of a and g.
16
Let u = 1044 - 593. What is the greatest common divisor of 11 and u?
11
Let d(x) = -9*x**2 - 5*x + 9. Let g be d(-7). Suppose -87 = 3*r + 600. Let u = r - g. What is the highest common factor of u and 21?
21
Suppose 4*g - 5*r = 2*g + 63, 5*r - 5 = 0. Let i = g - 32. Suppose i*f - 51 = -f. What is the highest common divisor of f and 153?
17
Let l(y) = -24*y**2 - 4*y + 2. Let m be l(1). Let b = 47 + m. What is the highest common divisor of 7 and b?
7
Let v(m) = -10 + 0*m + 0*m - 9*m. Let o be v(-4). What is the highest common divisor of 39 and o?
13
Let c = 16 - 7. Let d(o) = -2*o**2 - 4*o + 5. Let y be d(-6). Let j = -34 - y. What is the greatest common divisor of j and c?
9
Let n(o) = o**3 - 5*o**2 - 10*o - 10. Let i be n(7). Let y = -15 + 159. What is the highest common factor of y and i?
18
Suppose -10*v + 8*v = -22. Let y(d) = d**3 - 10*d**2 - 9*d - 4. Let x be y(v). Let r be 21 - (x/3 - 3). What is the greatest common divisor of r and 72?
18
Let m(i) = -i**3 + i**2 + i + 24. Let s be m(0). Let t = -81 + 117. What is the greatest common divisor of s and t?
12
Let c = 77 + -35. Calculate the greatest common divisor of c and 24.
6
Let l = 8 - -5. Suppose -84 = r - l*r. Calculate the highest common divisor of 63 and r.
7
Let a be ((-2)/(-6))/(5/(-15)). Let v be 20 - (8 - (-4)/a). What is the greatest common divisor of 4 and v?
4
Let q(l) = -l**2 + 7*l - 5. Let k be q(7). Let b(d) = -d - 9. Let h be b(k). Let n be 3/((-122)/32 - h). Calculate the highest common divisor of n and 16.
16
Let g be (-1)/(-2) - (-7)/2. Let p(k) = 18*k - k**3 - 4 + 6*k**2 - 14*k - 6*k. Let a be p(g). Calculate the highest common factor of 30 and a.
10
Let w be -11 - -7 - (-2)/2*7. Suppose w*m - 11 = 31. Suppose 0 = 2*l + l - 126. Calculate the highest common divisor of m and l.
14
Let s be (-841)/(-58)*(0 + 0 + 22). Calculate the greatest common factor of 11 and s.
11
Suppose -2*n + 5*n = 792. Suppose -10*v + 6*v = -n. Calculate the highest common divisor of v and 6.
6
Let u = -20 - -30. Let r = -7 - -13. Let f(p) = p**3 - 5*p**2 - 3*p - 8. Let w be f(r). What is the highest common factor of w and u?
10
Suppose 5*n - 181 = 2*n - 5*p, 3*p + 313 = 5*n. Let j = -37 + n. Let h be 395/j - 1/(-5). What is the greatest common factor of 2 and h?
2
Suppose -31*a = -123*a + 19872. What is the highest common factor of a and 612?
36
Let k(w) = 2*w**2 + 6*w - 13. Let x be k(6). Suppose x + 19 = 5*b - 2*l, 3*b = -l + 64. Calculate the greatest common factor of b and 66.
22
Let k(u) = u**2 + 4*u - 33. Suppose 17*w - 13*w + 36 = 0. Let q be k(w). Calculate the greatest common divisor of 8 and q.
4
Let g = 9 - 6. Let b be (13/g)/(4/(-12)). Let y be b/(-4) - 1/4. What is the greatest common divisor of y and 27?
3
Suppose 40 = y - 28. Let m = y + 3. Suppose -5*x = -3*i - m, -3*x - 3*i = 2*i - 63. Calculate the highest common factor of x and 4.
4
Suppose z - 4*d - 31 = -2*d, -z = d - 46. Let s = 2153 + -1866. Calculate the highest common divisor of s and z.
41
Suppose 4*s + 24 = m + 2*s, -5*s - 81 = -4*m. Calculate the highest common divisor of 112 and m.
14
Suppose 0 = 4*h, -2*j - 5*h + 162 = j. Let o be 2*(j/4)/9. Suppose 1 = u, 0*t - 169 = -o*t - 4*u. What is the greatest common divisor of 22 and t?
11
Let b be (-6)/6*(2 + -9). Suppose -k + 2*x + 65 = x, -116 = -2*k - 5*x. Let v = k - 14. What is the highest common factor of v and b?
7
Suppose 10*s - 58 = 9*s + 4*l, -5*l - 131 = -2*s. Let x = 2 - -4. What is the greatest common divisor of s and x?
6
Suppose 0 = -2*b - 5*q + 19, -5*q + 4*q - 71 = -4*b. Let g = -3 - -10. Suppose -2*v + g = 1, v - 122 = -i. Calculate the highest common factor of b and i.
17
Let i(v) be the first derivative of 2*v**3 - v**2 + 2*v - 9. Let t be i(2). Calculate the greatest common factor of t and 2.
2
Let x be (-788)/591*(10*-21 - 0). What is the greatest common factor of 224 and x?
56
Suppose -2*f - 3 = 3*c + 1, c = -4. Let w be 125*f/(3/(3/10)). What is the highest common factor of w and 150?
50
Let s be 1/(-3) + 204/18. Let r = s + 2. Suppose 429 = -2*h + 5*h. Calculate the greatest common factor of r and h.
13
Suppose -3*t - 2*r + 13 = 0, 0*r = -3*t + r + 7. Suppose -u + v = -t*u + 26, -u - v = -15. What is the highest common factor of u and 55?
11
Suppose -34 = -2*b + 18. Suppose 0 = p - 39 + b. Let a = -223 - -314. What is the greatest common divisor of p and a?
13
Suppose 7*k - 2*k = 20, -3*k + 87 = 5*f. Suppose x - 270 + 768 = 3*c, 3*x + 339 = 2*c. What is the greatest common divisor of c and f?
15
Suppose 0*o + r = 3*o + 24